/(-25)). What is the highest common divisor of n and s?
14
Suppose -5*h + 3*u + 42308 = 0, 3*h + 62*u = 63*u + 25388. What is the highest common factor of 16 and h?
16
Let x(i) = i**3 - 9*i**2 + 6*i - 5. Let p be x(10). Suppose -3*z + 227 = p. Calculate the highest common factor of 300 and z.
12
Let k = 148 + -142. Suppose 2*g + 30 = -4*m + k*m, 4*m - 78 = -5*g. Calculate the highest common factor of 1 and m.
1
Let m(z) = -54*z - 8. Let l be m(-1). Let v = l - 40. Let g(t) = -4*t + 28. Let b be g(v). Calculate the greatest common divisor of 4 and b.
4
Let r be -3*4/(-2)*(-195)/130. Let j be (-39)/(-3) + 8 + r. Calculate the highest common factor of j and 12.
12
Let f(j) = -20*j + 166 - 39*j + 51*j. Let l be f(19). Let z = 56 - 14. Calculate the greatest common divisor of l and z.
14
Let y be (1/3)/(84016/(-9336) - -9). Let m = y + -257. What is the highest common factor of m and 99?
33
Suppose -b + 4 = 0, 0 = -f + 5*b - 10*b + 21. Suppose -n - 49 = -17. Let x = n - -33. Calculate the highest common factor of f and x.
1
Let o(a) = 6*a**2 - 18*a + 6. Let p be o(4). Let c be -1 - ((-5)/p + 1868/(-24)). What is the highest common factor of 22 and c?
11
Let x be (-44)/77*(-3)/(6/7). Let d be (x + (-24)/14)/(7/98). Suppose -m - 32 = -4*y - 5*m, -3*y = -d*m - 10. Calculate the highest common factor of 30 and y.
6
Suppose -k + 3*k = 2*g - 6, 2*g - 24 = 5*k. Let n be -3*(17/(-3) + (-2)/k). What is the highest common factor of 8 and n?
8
Let s be 26 + (12 - 13) + 10. Calculate the greatest common factor of s and 7525.
35
Let t(m) = -3*m**2 + m + 2. Let q be t(-2). Suppose -3*b + 354 = -0*b. Let z be b/8 - q/(-16). What is the highest common factor of 42 and z?
14
Let i(y) = 2*y**3 - 177*y**2 + 263*y + 580. Let d be i(87). What is the greatest common divisor of d and 806?
26
Suppose -4*k = 432 - 540. Let z = -36 + 105. Let g = 123 - z. What is the greatest common divisor of k and g?
27
Let r(w) = 3436*w + 20636. Let j be r(-6). Let m be 2 - (1 - -2) - -2. Let s(k) = 14*k + 1. Let y be s(m). What is the greatest common divisor of y and j?
5
Let h = -1207 - -21412. Calculate the highest common factor of h and 45.
45
Suppose -3*y = 6*l - 4*l - 17, 0 = -4*l + 4*y + 4. Suppose 0 = -3*v + l*r + 495, v - 3*v + 330 = -r. What is the greatest common factor of v and 15?
15
Let j be 1848/49 + 4/14. Suppose -4*n = -7*n - 480. Let s = n - -274. What is the highest common divisor of s and j?
38
Suppose -4*d - 4*m = -0*d, 5*d + 27 = 4*m. Let v(i) = -i**3 - i**2 - 3*i - 7. Let t be v(d). Calculate the greatest common factor of 10 and t.
10
Let a be (-249)/1*((-1323)/81 + 9). What is the greatest common factor of a and 2158?
166
Let l be 1 + 0 + 1 + 0. Suppose 0 = -m - l*m + 108. Suppose 2*b = -w + 280, 2*b = -21 + 13. Calculate the highest common factor of m and w.
36
Suppose -499*o + 489*o + 180 = 0. Suppose 3*k = 2*k + 5*p + 37, k - 37 = -2*p. Let h = o + k. Calculate the highest common divisor of 11 and h.
11
Suppose -14*n - 36 + 624 = 0. Calculate the greatest common divisor of 49 and n.
7
Let g = 29957 - 29884. Calculate the highest common divisor of 13 and g.
1
Let t be (0 + 1)/((-2)/(-88)). Let n(z) = 0 - 8*z - 15*z + 28*z + 1. Let o be n(2). What is the greatest common factor of o and t?
11
Let b be (5 + 1)/(-2) - (-27 - 351). Let y = 388 - b. What is the highest common divisor of y and 104?
13
Let i = -1125 - -1173. Let v(d) = -2*d - 16. Suppose -28 = 3*s + 14. Let u be v(s). Calculate the highest common factor of u and i.
12
Suppose -27*n - 54 = -28*n. Let j(g) = 2*g**3 + 0*g**3 - 2 - 6*g**2 - 5*g**2 + 12*g - g**3. Let y be j(10). Calculate the highest common factor of n and y.
18
Let x = -81 - -351. Let d(o) = -264 - 6*o + 4*o + x. Let a be d(-9). What is the highest common factor of 16 and a?
8
Let r be (-50844)/(-15) + 69/(-115) + (-6 - -5). What is the greatest common factor of 504 and r?
28
Let n = -150 - -144. Let f(o) = 2*o**2 - 3*o - 56. Let p be f(n). Calculate the highest common factor of 527 and p.
17
Let y = -14 + 32. Let o(f) = -3*f - 30. Let n = -13 - -2. Let s be o(n). What is the greatest common divisor of s and y?
3
Let w(g) = g**3 - 104*g**2 - 171*g - 4066. Let r be w(106). Let x(y) = 89*y - 3. Let n be x(2). Calculate the greatest common divisor of n and r.
35
Suppose -25 = -5*w + 295. Let z be ((-171)/(-45) + -3)*10. Calculate the highest common divisor of z and w.
8
Let y(u) be the third derivative of -u**4/6 + 2*u**2. Let t(p) = 3*p + 185. Let i be t(-64). Let r be y(i). Calculate the highest common factor of r and 12.
4
Suppose 7*q + q = 72. Suppose -11*c = -8*c - q. Suppose -5*w - 3*k - 2*k = 5, -c*k = 2*w + 5. Calculate the highest common divisor of 5 and w.
1
Let i be (-1)/(-5) + 5*(-25614)/(-150). Calculate the highest common factor of 56 and i.
14
Let y = 323 - 211. Let m = 84 - -44. Calculate the greatest common divisor of y and m.
16
Let z be 12/(-30)*(-2 - (34 - 1)). Let x = 64 - z. Suppose 2*a = -5*h + 7*a + 630, -2*a = -4*h + 502. Calculate the highest common divisor of h and x.
25
Let j = 2666 + -2606. What is the greatest common divisor of j and 4215?
15
Suppose c + 20 - 1 = 4*u, -u = -c - 1. Suppose -4*p + 41 = 3*g, -g + 5 = -u*g. Calculate the highest common factor of 121 and p.
11
Let a be (-3)/(-6)*(-6 + 10 + 30). What is the highest common factor of 102 and a?
17
Suppose 0 = 3*l - 10 - 2. Suppose 5*h + 6 = l*h. Let c be (-1)/(-2) - 45/h. What is the highest common divisor of 56 and c?
8
Let x = 27 + 13. Suppose -34 = -2*s - 32. Suppose -45 = -3*y + 3*t, -6 = t - s. Calculate the greatest common divisor of x and y.
10
Suppose 431*c - 426*c = 9620. Suppose 0 = 2*x - 0*x - 4*m - 976, -m = -4*x + c. Calculate the greatest common factor of x and 60.
60
Let k(m) = 207*m - 2062. Let o be k(10). What is the greatest common divisor of o and 42184?
8
Suppose 6817 = 702*z - 2309. Let g(s) = -2*s**3 - 3*s**2 - 4*s - 5. Let y be g(-4). Calculate the highest common factor of y and z.
13
Let x = -4900 - -5250. Calculate the highest common factor of 56 and x.
14
Suppose -v = -0*v - 11. Suppose -u = 4*h - 65, 2*h = -435*u + 431*u + 302. What is the highest common factor of v and u?
11
Suppose 3*b = 2*h + 1294, 4*b - b - 3*h - 1293 = 0. Let r = -75352 + 75379. What is the highest common factor of b and r?
27
Suppose 0 = -3*q + 5*a + 370, q - 2*q + 128 = 3*a. Suppose -4*w = -4*d + 264, -53*w = 5*d - 46*w - 438. Calculate the greatest common divisor of q and d.
25
Let d(q) = 6*q**2 - 2*q + 4. Let g be d(3). Let v be 33/((-396)/168) - 3384/(-4). Calculate the highest common factor of v and g.
52
Let t be 2 + 2300/10 + 6. Calculate the greatest common factor of t and 1071.
119
Suppose -5*c = 6 - 56. Suppose 23*t + 5 = 51. What is the greatest common divisor of t and c?
2
Let q(w) = 3*w**2 + 63*w + 33. Let s be q(-24). Let c = 1289 + -874. What is the highest common divisor of c and s?
83
Let p(h) = 26*h + 6. Let n be ((-35)/5 - -5) + 3. Let b be p(n). Calculate the greatest common divisor of b and 288.
32
Let z(c) = -c**3 - 24*c**2 + 79*c - 38. Let v be z(-27). Calculate the highest common factor of v and 7768.
8
Let l(s) = -s**3 - 7*s**2 - 7*s - 4. Let b be l(-6). Let o(q) = -9*q - 219 - 2*q - q**b + 235. Let t be o(-11). What is the greatest common factor of t and 32?
16
Let d be ((-10)/(-5))/1 - -104. Let h = -102 + d. Suppose h*c = 69 + 39. What is the greatest common factor of c and 216?
27
Suppose -125 = -s - 3*r, -49 = -4*s - r + 473. Calculate the greatest common divisor of 4 and s.
1
Let o = -3279 - -3453. What is the highest common factor of o and 24?
6
Let r(x) = 11*x**3 - 3*x**2 + 10*x - 24. Let v be r(3). What is the highest common factor of v and 345?
69
Let v(x) = 14*x - 166. Let u be v(16). What is the greatest common factor of u and 841?
29
Let y = -96 + 108. Suppose y = -3*i, 2*i = v + 6*i - 25. Calculate the greatest common factor of v and 164.
41
Let u = 25 + 162. Let i(y) = 91*y - 1075. Let h be i(12). Calculate the greatest common divisor of h and u.
17
Suppose 0 = -5*h - 3 + 18. Let u be 5 + 4 + 3 + 82 + 2. What is the greatest common factor of u and h?
3
Let f be (126/35)/((-2)/(-5)). Let p(q) = -q**3 + 13*q**2 - 11*q + 7. Let i be p(f). Let o = -100 + i. Calculate the greatest common divisor of 44 and o.
44
Suppo